en 169 is divided by 35?
29
What is the remainder when 70 is divided by 20?
10
Calculate the remainder when 46 is divided by 14.
4
What is the remainder when 2499 is divided by 139?
136
What is the remainder when 1396 is divided by 5?
1
Calculate the remainder when 1236 is divided by 88.
4
What is the remainder when 266 is divided by 39?
32
What is the remainder when 3432 is divided by 10?
2
What is the remainder when 137 is divided by 85?
52
Calculate the remainder when 1832 is divided by 84.
68
What is the remainder when 128 is divided by 48?
32
What is the remainder when 72 is divided by 34?
4
What is the remainder when 748 is divided by 251?
246
Calculate the remainder when 5831 is divided by 3.
2
What is the remainder when 65 is divided by 16?
1
Calculate the remainder when 57 is divided by 20.
17
Calculate the remainder when 2954 is divided by 731.
30
What is the remainder when 1377 is divided by 35?
12
Calculate the remainder when 319 is divided by 81.
76
Calculate the remainder when 24 is divided by 5.
4
What is the remainder when 57 is divided by 16?
9
Calculate the remainder when 248 is divided by 25.
23
What is the remainder when 1798 is divided by 20?
18
What is the remainder when 78 is divided by 45?
33
Calculate the remainder when 1473 is divided by 87.
81
Calculate the remainder when 765 is divided by 26.
11
What is the remainder when 804 is divided by 262?
18
Calculate the remainder when 6390 is divided by 77.
76
What is the remainder when 304 is divided by 9?
7
Calculate the remainder when 100 is divided by 11.
1
What is the remainder when 95 is divided by 13?
4
What is the remainder when 1119 is divided by 16?
15
What is the remainder when 51 is divided by 8?
3
What is the remainder when 7739 is divided by 215?
214
Calculate the remainder when 1579 is divided by 158.
157
What is the remainder when 189 is divided by 5?
4
What is the remainder when 738 is divided by 144?
18
Calculate the remainder when 2615 is divided by 12.
11
Calculate the remainder when 387 is divided by 33.
24
Calculate the remainder when 783 is divided by 14.
13
What is the remainder when 8201 is divided by 13?
11
Calculate the remainder when 582 is divided by 73.
71
What is the remainder when 49 is divided by 4?
1
Calculate the remainder when 18399 is divided by 25.
24
What is the remainder when 1159 is divided by 170?
139
Calculate the remainder when 377 is divided by 91.
13
What is the remainder when 826 is divided by 788?
38
Calculate the remainder when 35 is divided by 19.
16
Calculate the remainder when 11388 is divided by 85.
83
Calculate the remainder when 105 is divided by 14.
7
What is the remainder when 146 is divided by 7?
6
What is the remainder when 116 is divided by 13?
12
What is the remainder when 20 is divided by 2?
0
What is the remainder when 333 is divided by 48?
45
Calculate the remainder when 12437 is divided by 39.
35
What is the remainder when 1018 is divided by 68?
66
Calculate the remainder when 66 is divided by 41.
25
Calculate the remainder when 189 is divided by 24.
21
What is the remainder when 2165 is divided by 4?
1
Calculate the remainder when 161 is divided by 41.
38
What is the remainder when 1395 is divided by 421?
132
What is the remainder when 190 is divided by 40?
30
Calculate the remainder when 1490 is divided by 103.
48
Calculate the remainder when 17 is divided by 9.
8
Calculate the remainder when 1172 is divided by 174.
128
What is the remainder when 1834 is divided by 115?
109
Calculate the remainder when 481 is divided by 64.
33
Calculate the remainder when 89 is divided by 4.
1
Calculate the remainder when 3036 is divided by 108.
12
Calculate the remainder when 358 is divided by 13.
7
Calculate the remainder when 466 is divided by 9.
7
What is the remainder when 5648 is divided by 10?
8
What is the remainder when 971 is divided by 150?
71
What is the remainder when 57 is divided by 34?
23
What is the remainder when 781 is divided by 51?
16
Calculate the remainder when 151 is divided by 43.
22
Calculate the remainder when 6143 is divided by 875.
18
Calculate the remainder when 2598 is divided by 777.
267
Calculate the remainder when 140 is divided by 48.
44
What is the remainder when 332 is divided by 68?
60
What is the remainder when 1479 is divided by 78?
75
Calculate the remainder when 1318 is divided by 342.
292
Calculate the remainder when 8352 is divided by 2782.
6
Calculate the remainder when 7256 is divided by 125.
6
Calculate the remainder when 12 is divided by 11.
1
What is the remainder when 277 is divided by 88?
13
What is the remainder when 14662 is divided by 11?
10
What is the remainder when 400 is divided by 32?
16
What is the remainder when 358 is divided by 52?
46
What is the remainder when 632 is divided by 128?
120
Calculate the remainder when 920 is divided by 12.
8
Calculate the remainder when 632 is divided by 125.
7
Calculate the remainder when 74 is divided by 13.
9
What is the remainder when 4248 is divided by 13?
10
Calculate the remainder when 2122 is divided by 56.
50
Calculate the remainder when 71 is divided by 30.
11
What is the remainder when 77 is divided by 43?
34
What is the remainder when 353 is divided by 66?
23
What is the remainder when 545 is divided by 249?
47
What is the remainder when 2392 is divided by 593?
20
Calculate the remainder when 2374 is divided by 17.
11
Calculate the remainder when 17863 is divided by 56.
55
What is the remainder when 289 is divided by 25?
14
Calculate the remainder when 1185 is divided by 14.
9
Calculate the remainder when 5822 is divided by 104.
102
What is the remainder when 439 is divided by 26?
23
What is the remainder when 571 is divided by 24?
19
Calculate the remainder when 6436 is divided by 14.
10
What is the remainder when 751 is divided by 69?
61
Calculate the remainder when 83 is divided by 59.
24
What is the remainder when 1231 is divided by 407?
10
What is the remainder when 1036 is divided by 13?
9
Calculate the remainder when 228 is divided by 58.
54
What is the remainder when 1141 is divided by 88?
85
What is the remainder when 330 is divided by 80?
10
Calculate the remainder when 43918 is divided by 36.
34
What is the remainder when 896 is divided by 150?
146
What is the remainder when 165 is divided by 9?
3
Calculate the remainder when 2915 is divided by 81.
80
What is the remainder when 363 is divided by 93?
84
Calculate the remainder when 167 is divided by 7.
6
Calculate the remainder when 679 is divided by 115.
104
What is the remainder when 295 is divided by 5?
0
What is the remainder when 430 is divided by 165?
100
What is the remainder when 3094 is divided by 12?
10
Calculate the remainder when 1261 is divided by 9.
1
What is the remainder when 106 is divided by 44?
18
What is the remainder when 598 is divided by 10?
8
What is the remainder when 340 is divided by 9?
7
What is the remainder when 316 is divided by 41?
29
What is the remainder when 211 is divided by 52?
3
Calculate the remainder when 1077 is divided by 51.
6
What is the remainder when 105 is divided by 39?
27
What is the remainder when 129 is divided by 33?
30
Calculate the remainder when 158 is divided by 125.
33
What is the remainder when 165 is divided by 25?
15
Calculate the remainder when 248 is divided by 62.
0
What is the remainder when 398 is divided by 10?
8
Calculate the remainder when 206 is divided by 58.
32
Calculate the remainder when 486 is divided by 252.
234
What is the remainder when 289 is divided by 52?
29
Calculate the remainder when 350 is divided by 310.
40
Calculate the remainder when 300 is divided by 19.
15
What is the remainder when 202 is divided by 68?
66
What is the remainder when 921 is divided by 22?
19
What is the remainder when 65 is divided by 14?
9
Calculate the remainder when 2537 is divided by 62.
57
What is the remainder when 596 is divided by 124?
100
Calculate the remainder when 536 is divided by 54.
50
What is the remainder when 1912 is divided by 113?
104
What is the remainder when 57 is divided by 2?
1
Calculate the remainder when 142 is divided by 29.
26
What is the remainder when 960 is divided by 42?
36
What is the remainder when 2027 is divided by 12?
11
Calculate the remainder when 1922 is divided